
-da8c
Convert 6310 (base 11) to base 8.
20250
What is -478 (base 10) in base 3?
-122201
300121 (base 4) to base 15
db7
Convert 1003110 (base 4) to base 15.
1423
What is -45a9 (base 13) in base 4?
-2120230
Convert 111210 (base 3) to base 8.
564
Convert -1110010010000011 (base 2) to base 9.
-88218
What is 22783 (base 9) in base 4?
3231312
1104 (base 7) to base 14
204
-1303 (base 15) to base 5
-112203
Convert -27430 (base 9) to base 13.
-85bc
777 (base 8) to base 10
511
Convert 328 (base 16) to base 11.
675
-43a (base 13) to base 14
-39b
Convert 110001001000 (base 2) to base 16.
c48
Convert 4244 (base 6) to base 9.
1281
What is 2578 (base 15) in base 10?
7988
221323 (base 4) to base 14
d99
55b8 (base 15) to base 7
103661
Convert 2213133 (base 5) to base 3.
1221212112
4201411 (base 5) to base 7
405053
Convert -41257 (base 8) to base 2.
-100001010101111
Convert -653 (base 9) to base 2.
-1000010110
2860 (base 10) to base 5
42420
Convert 713 (base 10) to base 13.
42b
Convert -5152 (base 7) to base 8.
-3411
-d5bb (base 14) to base 15
-ad97
What is -263422 (base 7) in base 2?
-1100000001101101
What is -228 (base 12) in base 8?
-500
Convert -59b (base 14) to base 15.
-4e7
2535 (base 11) to base 2
110011101001
351520 (base 6) to base 11
2077a
What is 97d4 (base 16) in base 6?
455540
Convert -441 (base 10) to base 9.
-540
What is -40140 (base 7) in base 16?
-25d1
Convert 1b48 (base 15) to base 14.
222a
Convert -1996 (base 12) to base 2.
-110001000010
What is 30212131 (base 4) in base 8?
144635
Convert 1100122 (base 3) to base 11.
81a
Convert -430 (base 5) to base 6.
-311
11a1 (base 13) to base 3
10102111
What is 1562b (base 13) in base 7?
226234
-420331 (base 5) to base 15
-417b
-324 (base 12) to base 16
-1cc
110141 (base 5) to base 9
5177
36041 (base 7) to base 16
244a
2448 (base 11) to base 8
6176
What is 7434 (base 8) in base 11?
29a7
Convert 53103 (base 6) to base 15.
21cc
Convert -a3a5 (base 11) to base 8.
-32734
What is -66 (base 8) in base 14?
-3c
-23517 (base 8) to base 16
-274f
What is 244 (base 11) in base 5?
2130
-889 (base 14) to base 10
-1689
Convert 110013123 (base 4) to base 11.
569a5
Convert -5 (base 8) to base 6.
-5
Convert 26555 (base 8) to base 10.
11629
What is -179 (base 12) in base 11?
-1a6
-1001020 (base 3) to base 6
-3310
-1bd6 (base 15) to base 13
-29a6
314 (base 13) to base 2
1000001100
Convert 5908 (base 15) to base 3.
221221022
-577 (base 15) to base 2
-10011010101
What is -223 (base 13) in base 15?
-197
15788 (base 12) to base 10
30488
Convert -1544 (base 13) to base 15.
-db8
What is 7639 (base 10) in base 12?
4507
Convert -9794 (base 10) to base 14.
-37d8
-aa61 (base 14) to base 13
-10561
103110 (base 4) to base 10
1236
Convert 11 (base 4) to base 16.
5
What is -11130021 (base 4) in base 7?
-121650
What is -146645 (base 7) in base 12?
-147b8
-21128 (base 9) to base 12
-80b2
2330 (base 7) to base 13
509
What is 2b1 (base 13) in base 7?
1256
Convert 314 (base 12) to base 13.
286
-11345 (base 10) to base 15
-3565
What is 3332210 (base 4) in base 15?
4c62
Convert 417 (base 13) to base 10.
696
423 (base 10) to base 12
2b3
1560 (base 7) to base 6
2530
What is -4321 (base 9) in base 7?
-12160
-1aa3 (base 14) to base 15
-1682
11b (base 14) to base 11
191
-2133 (base 8) to base 15
-4e5
Convert -410143 (base 5) to base 16.
-3375
Convert 562 (base 8) to base 4.
11302
Convert -110a (base 11) to base 16.
-5b6
What is -4d5 (base 14) in base 15?
-44b
What is -1122112 (base 3) in base 13?
-716
78e6 (base 15) to base 14
94b7
-201111 (base 3) to base 5
-4101
Convert -24004 (base 5) to base 13.
-a4c
60622 (base 7) to base 13
6910
What is 9863 (base 13) in base 4?
11023112
Convert 2443321 (base 5) to base 7.
253120
5078 (base 12) to base 13
3c89
43e (base 16) to base 6
5010
What is 465 (base 11) in base 7?
1422
What is 539 (base 10) in base 2?
1000011011
What is -10010100111 (base 2) in base 12?
-833
Convert 84 (base 14) to base 12.
98
-448 (base 9) to base 6
-1412
Convert 1023 (base 6) to base 11.
1a0
-34980 (base 11) to base 13
-19c4a
What is -222404 (base 5) in base 10?
-7854
Convert 736a (base 15) to base 12.
12154
Convert 1222 (base 6) to base 9.
365
-1210212221 (base 3) to base 11
-24859
Convert 13054 (base 8) to base 16.
162c
What is -220340 (base 6) in base 12?
-a6b0
Convert -43626 (base 7) to base 11.
-8252
1000120 (base 3) to base 6
3240
Convert -3030020 (base 4) to base 14.
-4a92
What is -11220 (base 3) in base 4?
-2010
What is -102040 (base 5) in base 8?
-6503
1410 (base 7) to base 4
20202
211112 (base 3) to base 6
2452
-62201 (base 8) to base 5
-1310404
What is -36740 (base 9) in base 16?
-6054
-d59c (base 14) to base 13
-13990
What is -5ca6 (base 13) in base 7?
-53223
-a6d6 (base 15) to base 2
-1000100111100101
Convert -12403 (base 5) to base 6.
-4310
Convert -100100000 (base 3) to base 12.
-3b30
What is -932 (base 15) in base 7?
-6020
What is -12201112 (base 3) in base 15?
-1382
1022323 (base 4) to base 15
164a
Convert 1a8 (base 12) to base 10.
272
What is 11111100010001 (base 2) in base 6?
202425
What is 4383 (base 9) in base 13?
161a
2db (base 15) to base 16
290
54 (base 15) to base 9
87
1635 (base 15) to base 4
1022213
-4236 (base 7) to base 3
-2001110
Convert 238d7 (base 14) to base 16.
15325
What is 10000011000 (base 2) in base 14?
54c
What is 1210 (base 15) in base 14?
1584
Convert 101220 (base 3) to base 16.
126
23403 (base 6) to base 11
25aa
Convert 541 (base 10) to base 6.
2301
-1bec (base 16) to base 15
-21b8
Convert -10001000000101 (base 2) to base 6.
-104153
-54144 (base 7) to base 9
-20413
What is 122364 (base 7) in base 13?
a30b
Convert -9 (base 10) to base 6.
-13
-101100 (base 2) to base 6
-112
What is -45426 (base 7) in base 16?
-2d0f
-7a3 (base 14) to base 3
-2002010
Convert 180 (base 10) to base 12.
130
What is 403224 (base 5) in base 7?
52503
740 (base 8) to base 7
1254
What is -585 (base 14) in base 11?
-908
-14d9 (base 16) to base 14
-1d33
3a7 (base 11) to base 16
1e0
1900 (base 11) to base 10
2420
Convert 322 (base 6) to base 2.
1111010
-77537 (base 9) to base 11
-35740
Convert 3400 (base 5) to base 11.
3a2
-23412 (base 5) to base 4
-123010
-7cc (base 13) to base 7
-3640
What is 70a9 (base 11) in base 4?
2103130
What is 530 (base 13) in base 10?
884
210010200 (base 3) to base 8
36060
-2036 (base 11) to base 7
-10606
What is -8e0 (base 16) in base 13?
-105a
What is 20bb (base 12) in base 16?
e0f
-2171 (base 13) to base 5
-122110
-486 (base 15) to base 8
-2002
Convert -d462 (base 15) to base 3.
-2021112202
-3d1 (base 14) to base 10
-771
171312 (base 8) to base 5
3442104
3144 (base 6) to base 8
1310
Convert 111100011111011 (base 2) to base 4.
13203323
What is 45 (base 15) in base 7?
122
What is 16387 (base 11) in base 16?
5a2d
What is 211020 (base 3) in base 7?
1515
Convert -617 (base 11) to base 4.
-23220
What is 102110211 (base 3) in base 5?
231430
-4365 (base 9) to base 8
-6222
-16d (base 14) to base 5
-2133
Convert 5251 (base 9) to base 8.
7415
Convert -12251 (base 8) to base 4.
-1102221
-23143 (base 8) to base 2
-10011001100011
Convert -1103 (base 4) to base 14.
-5d
What is -11745 (base 11) in base 2?
-100000111100100
What is 90cf (base 16) in base 2?
1001000011001111
-7005 (base 13) to base 9
-23083
Convert cd (base 16) to base 6.
541
Convert b3 (base 13) to base 4.
2102
Convert 11120 (base 5) to base 3.
1002002
Convert -712 (base 11) to base 15.
-3c5
-ba39 (base 12) to base 5
-1123433
Convert 43130 (base 5) to base 6.
21255
What is -c7e (base 16) in base 12?
-1a26
Convert 1162e (base 15) to base 16.
d862
Convert 1b98 (base 14) to base 4.
1032222
-4224 (base 5) to base 3
-202220
1185 (base 11) to base 4
120021
What is 34310 (base 5) in base 15?
ada
Convert 370 (base 10) to base 15.
19a
1023 (base 10) to base 2
1111111111
Convert 6789 (base 11) to base 5.
241210
What is -b1a (base 14) in base 8?
-4204
What is e4 (base 16) in base 15?
103
Convert -a0bf (base 16) to base 15.
-c2d6
What is -693 (base 15) in base 14?
-784
What is -5e1 (base 15) in base 9?
-1744
321 (base 10) to base 12
229
What is -dfb (base 16) in base 14?
-1439
What is -487 (base 13) in base 15?
-377
What is 1233 (base 10) in base 5?
14413
24334 (base 6) to base 10
3586
-335 (base 12) to base 7
-1244
What is 109 (base 15) in base 13?
15